 third derivative of -d**4/24 + 11*d**3/2 + 321*d**2. Calculate x(9).
24
Let w(y) = -616396*y - y**2 - 18 + 616416*y - 6. What is w(10)?
76
Let g(k) be the second derivative of -1/3*k**4 - 5*k + 0 + 1/2*k**3 + 3/20*k**5 + 0*k**2. Let f(s) = 17*s + 121. Let v be f(-7). Determine g(v).
14
Let f be 90/((-2 + 4)*1). Suppose -4*m - f = -3*b, b = 3*m + 10 + 25. Let n be -10*(5/(-50))/((-3)/m). Let j(o) = -2*o**2 + 2*o - 4. What is j(n)?
-28
Let m(y) be the third derivative of 2*y**4/3 - 11*y**3/6 - 5*y**2 + 15. Let l(n) = -14*n + 9. Let g(z) = 5*l(z) + 4*m(z). Determine g(-1).
7
Suppose -3*d = -0*d - w + 11, -2*d - 3*w - 11 = 0. Suppose -10 = -4*b + 14. Let q(k) = 0 + b + k**2 - 70*k + 76*k. What is q(d)?
-2
Let j be (-1)/(-3) - 1/3. Let u(t) = t - 5*t + j*t + t. Let m be 9/((-144)/56) + 4/8. Give u(m).
9
Let m(z) = 9*z**2 - 108*z + 15. Suppose 5*v + 4*u = 28, 0 = -v + 378*u - 380*u - 4. Calculate m(v).
15
Let l(v) be the first derivative of -5*v**2/2 + 85*v + 1006. Give l(0).
85
Let m = -56 - -55. Let a = 2 + 11. Let t(u) = -11*u**3 + 6*u**2 - 5. Let k(g) = -23*g**3 + 13*g**2 - 11. Let p(l) = a*t(l) - 6*k(l). Give p(m).
6
Let q(b) be the first derivative of -b**3/3 - b**2 + 8*b - 3. Let h be (8/20)/((-3)/45). What is q(h)?
-16
Let d = -3079 - -3089. Let f(x) = -x**3 + 11*x**2 - 12*x - 14. Calculate f(d).
-34
Let c(w) = -20*w - 373 + 8*w**2 - 7*w**2 + 378. Calculate c(17).
-46
Suppose -10 = -2*d - 4*t, -d + 12 - 1 = 5*t. Let q(r) be the second derivative of -3*r**3/2 + r**2/2 - 39474*r. Calculate q(d).
-8
Let j = 9436 - 9448. Let i(x) = -x**3 - 11*x**2 + 3*x - 101. Calculate i(j).
7
Let b(s) = 13 + 7*s - 4 - 12 + s**2 - 4. Let d be (-198)/(-45) + (-6)/15. Suppose d*r - 8 = 3*w, 9*w - 3*r = 4*w - 28. What is b(w)?
1
Let h(p) = -10*p**3 + 10*p**2 - 4*p + 46. Let n(m) = 18*m**3 - 19*m**2 + 10*m - 91. Let o(t) = 7*h(t) + 4*n(t). Calculate o(3).
-6
Let l(m) = -m - 4. Let s be l(0). Let y(o) = o**3 + 7*o + 3. Let j(d) = -4*d**3 - 5*d**2 - 24*d - 12. Let g(r) = j(r) + 3*y(r). Calculate g(s).
-7
Let l(o) = o + 7. Let t be -5 - 1 - (1 + -1). Let b be 1*(t + 3)*-1. Suppose -2*u + 7 = -f - 3*u, 4*u = -b*f - 22. What is l(f)?
1
Let q(y) = 55*y - 6*y + 8 + 0*y - 48*y. Let p be 23 - ((-12)/(-4))/3. Suppose -4*g = t + 25, -4 = 5*g - 4*t + p. Give q(g).
2
Suppose 1749*m + 12 = 1753*m - 5*d, 0 = 2*m - 3*d - 4. Let c(v) = -55*v + 434. Calculate c(m).
-6
Let n(w) = 21*w**3 + 39*w**2 + 27*w + 42. Let f(a) = 11*a**3 + 20*a**2 + 14*a + 21. Let h(j) = 19*f(j) - 10*n(j). What is h(-10)?
19
Let n = -2 + 2. Suppose -11*w = -8*w. Let c(s) = -165*s**2 + 164*s**2 + w + 6. What is c(n)?
6
Let r = 76 + -53. Suppose -2*x = -r - 25. Suppose a + x = -2*a. Let p(s) = s + 5. Give p(a).
-3
Let l = 13 + -11. Let w(x) = 0*x + x**l + 108 - 53 - 54 - x. Let s be (8/24)/((-1)/(-6)). Determine w(s).
3
Let n = -563 - -563. Let v(p) = p**2 - 3*p + 7. Calculate v(n).
7
Let a(u) = -2*u - 5. Let v be (10 - -5)*(-8)/12. Let l(x) = x - 2. Let c(f) = f - 1. Let m(q) = 5*c(q) - 4*l(q). Let z(p) = v*m(p) - 6*a(p). Give z(3).
6
Let w(q) be the first derivative of -q**2 - 12*q + 234. What is w(-2)?
-8
Let p be ((-11330)/3399)/(10/6). Let y(d) = -3*d**2 + 1. What is y(p)?
-11
Suppose 9*g - 380 = -10*g. Let s = -3 + 5. Suppose c - s - 2 = 5*m, -5*c = 5*m - g. Let q(d) = d - 9. Calculate q(m).
-9
Let l(n) = 7*n**3 - n**2. Let c be l(1). Let b be (-1)/1*(-102)/c*1. Suppose 5*p = -z + 22, -b = -5*p + 8. Let q(f) = f**3 + 4*f**2 + 2*f. Determine q(z).
3
Let z(s) = -s**3 + 109*s + 307. Let g be z(-3). Let h(o) = -3*o**2 - 15*o - 11 + 2*o + 5*o**2. Give h(g).
-4
Let y = -45474 - -45472. Let f(i) = 9*i**3 + 3*i**2 + i - 2. What is f(y)?
-64
Let p be 1/(((-30)/(-12))/5). Let x(b) = -b - 4 - p + 11. Suppose 22 - 2 = 5*g. Give x(g).
1
Let w(i) = i**2 + 5*i - 4. Let o be w(-6). Let n be 4 - 4 - -2 - 0. Let g(j) = -1 - 8 - 2*j + 2 + 2*j**n + 6. Give g(o).
3
Let s(h) = -h**3 + h**2 + h - 1. Let r(z) = -6*z**3 + 4*z**2 + 6*z - 4. Let o(u) = 3*u + 28. Let w be o(-6). Let a(i) = w*s(i) - 2*r(i). Calculate a(-2).
-6
Let v(h) = -h. Let u = 160 - 162. Let k(w) = -w - 1. Let i(q) = u*k(q) + 6*v(q). Give i(-4).
18
Let b be -18 + (-6 - -1 - -2). Let i(p) = -p**2 - 20*p + 23. Let l be i(b). Let g(s) = 3*s - l - 4*s - 3 + 4. Give g(4).
-5
Let r(o) = -3*o - 567040*o**3 - 2 + 14*o**2 - 16*o**2 + 567050*o**3. Give r(-1).
-11
Let z(y) = -684*y**2 + 122 + 11*y - 297 + 22*y + 683*y**2. Determine z(8).
25
Let i(f) = 4*f**2 + 11*f - 1. Suppose -2*c - 3*c = -3*l + 16, 4*l = -2*c - 22. Calculate i(c).
44
Let m(x) be the third derivative of -x**5/60 - 31*x**4/24 - 37*x**3 - x**2 - 482*x + 2. Determine m(-20).
-2
Let b = 172 - 170. Suppose -15*k + 169 = -b*k. Let z(w) = w**3 - 12*w**2 - 13*w + 6. What is z(k)?
6
Suppose -5*k + 2*j - 6 = 0, 0 = -4*k - 32*j + 34*j - 6. Let v(p) be the third derivative of p**5/60 + p**4/24 - 5*p**3/2 + 15*p**2. Calculate v(k).
-15
Let y(d) = -d + 5. Let f be y(0). Suppose 7*p - 5*p - 10 = -5*w, -3*w = -p - 17. Let b(u) = -4*u + 4 - 2*u + w*u + 0. Determine b(f).
-6
Let u(l) = 3*l**3 - 3*l - 3. Let o = -69 - -71. Suppose 0 = 7*g - o*g + 20. Let s = 2 + g. What is u(s)?
-21
Let i be (0/(-6))/(2 + 1). Let a(r) = r**2 + 3*r - 8. Let j be 45/36 - 1/4. Let b(v) = v**2 + v + 1. Let s(h) = j*a(h) - 2*b(h). Give s(i).
-10
Let a(n) be the third derivative of n**5/30 - 5*n**4/24 - 5*n**3/6 - 16*n**2 - 19. Calculate a(-3).
28
Let f = 2180/7 + -6533/21. Let d(b) be the first derivative of 1/4*b**4 - f*b**3 - 8 + 0*b**2 - 8*b. Determine d(0).
-8
Let k(n) = 38*n + 3. Let p be 149/(-596)*4*2. Calculate k(p).
-73
Let z(g) = g**2 - 10*g - 25. Let k(c) = -2*c**3 - 261*c**2 + 124*c - 905. Let t be k(-131). Determine z(t).
-1
Let o = -15537 - -15524. Let d(v) = -8*v - 89. Calculate d(o).
15
Let l(c) = 11*c**2 - 19*c - 49*c - 42*c + 4 + c**2. What is l(9)?
-14
Suppose 0 = n - 7 - 2. Let i(o) = -2*o + 10. Let j be i(n). Let c be j/48 + (-82)/12. Let z(b) = b**3 + 8*b**2 + 8*b + 1. What is z(c)?
-6
Suppose 0 = -10*g + 435 - 385. Let o(k) = k**3 + 0*k**2 - 4 + k - 2*k**2 - 2*k**2. Determine o(g).
26
Let o(w) = -8*w + 304. Let u be o(38). Let b(p) = p**3 + 3*p**2 + p + 3. Let q be b(u). Let n(c) = -c**3 + 2*c**2 + 2*c + 2. Determine n(q).
-1
Let h = -335 + 339. Let t(g) = 9*g - 9. Let l(a) = -25*a + 25. Let b(f) = h*l(f) + 11*t(f). What is b(8)?
-7
Let o(p) = -2*p - 2. Let y = 20 - 18. Suppose -2*w = -4*j + 8, 4*w + 3 = 3*j - 8. Let b be 1 + w + -1*(y + 2). Give o(b).
8
Let t(c) = 53*c + 34. Let k(n) = 146*n + 100. Let o(z) = 4*k(z) - 11*t(z). Give o(6).
32
Let a(b) = -7*b - 188. Let x(p) = p + 31. Let r(o) = 6*a(o) + 34*x(o). Determine r(-10).
6
Let o(j) = j**2 + 4*j. Let c(l) = 5*l. Let r(u) = 3*c(u) - 4*o(u). Suppose -3*m - 13 + 22 = 3*y, 2*m = 4*y. Suppose m*n + 5 = 3. What is r(n)?
-3
Let i(q) = -16*q + 756. Let k be i(48). Let c(a) = a**3 + 13*a**2 + 10*a + 1. What is c(k)?
25
Let o(k) be the second derivative of k**4/12 + 10*k**3/3 + 21*k**2/2 + 4*k - 17. Calculate o(-17).
-30
Let a be ((-6)/3 - 2)*(9 + -10). Suppose -4 = -13*n - a. Let q(p) = -p**3 - p**2 - p - 2. Calculate q(n).
-2
Let r(d) = 6 + 33 + d**2 - 25 + 1 - 7*d + d. Give r(6).
15
Let n(c) be the second derivative of 9*c + 1/6*c**4 + 2/3*c**3 + 3*c**2 - 2. Suppose 8 = k + 2*t - 5*t, 0 = 3*k - 3*t. Give n(k).
22
Let f(j) = j**3 - 9*j**2 + 18*j + 7. Let p be f(6). Let u(t) = -t**3 + 7*t**2 + 3*t - 16. What is u(p)?
5
Let i(f) = f**3 - f + 4. Let v(g) = 2*g - 3. Let m be v(3). Suppose 2*w = 4*w - 10. Suppose 3*y + 3 = -3*c, 2*y = m*y + 5*c + w. What is i(y)?
4
Let y(d) = 10*d**3 + 5*d**2 + 2*d + 3. Let r(u) = -3*u**3 - u**2 - 1. Let i = 2 + -5. Let g(p) = i*r(p) - y(p). Calculate g(-2).
4
Let n(v) = -v**2 - 21*v + 16. Let m = -1309 + 1288. Determine n(m).
16
Let b(j) = -58313417 + 2*j + 58313417. Suppose -3*y - 6 + 24 = 0. Give b(y).
12
Let c(v) = -3*v + 4. Let j = -2411 - -2406. Give c(j).
19
Let s(z) be the first derivative of 4*z**2 - 259*z - 12365. What is s(32)?
-3
Let h be (-4 - (-900)/3) + -8. Let t(x) = h + 2*x - 5*x + x - 285. Determine t(-2).
7
Let f(y) = -8*y - 21. Let j = -14195 + 14197. Calculate f(j).
-37
Let j(h) = -h**2 + 44*h - 84. Let x be j(42). Suppose x = 6*k + 15 - 57. Let a(r) = r**2 - 12*r + 32. What is a(k)?
-3
Let p be (2/9 - (-272)/1530)*8